True
Is 473507 composite?
False
Is 687277 a prime number?
True
Is 387911 a prime number?
True
Is 153911 composite?
False
Is 18937 composite?
True
Is 305845 a composite number?
True
Is 76417 a prime number?
False
Is 14349 a composite number?
True
Is 2309 prime?
True
Is 158843 prime?
True
Is 964329 a composite number?
True
Is 2099 composite?
False
Is 1777 composite?
False
Is 78041 a prime number?
True
Is 669621 a prime number?
False
Is 7811 a prime number?
False
Is 23147 composite?
True
Is 88069 prime?
True
Is 354389 a prime number?
False
Is 198059 a prime number?
False
Is 418061 prime?
False
Is 139889 prime?
False
Is 2654 a composite number?
True
Is 18041 a composite number?
False
Is 136223 prime?
True
Is 52961 prime?
False
Is 6505 composite?
True
Is 213386 a prime number?
False
Is 704647 a composite number?
False
Is 24193 composite?
True
Is 98803 a composite number?
True
Is 11002 composite?
True
Is 130547 prime?
True
Is 48595 a composite number?
True
Is 171943 prime?
False
Is 16897 a composite number?
True
Is 3821 a prime number?
True
Is 5591 a prime number?
True
Is 500671 a prime number?
True
Is 526 a composite number?
True
Is 38989 a prime number?
False
Is 1674151 a composite number?
False
Is 1278571 a prime number?
False
Is 20431 a prime number?
True
Is 55643 a composite number?
True
Is 551941 prime?
False
Is 19117 prime?
False
Is 9337 a composite number?
False
Is 177109 prime?
True
Is 9179 composite?
True
Is 88397 a prime number?
True
Is 1477 a composite number?
True
Is 89797 a composite number?
False
Is 11677 composite?
False
Is 1059 a prime number?
False
Is 137563 composite?
True
Is 19717 prime?
True
Is 149411 a prime number?
True
Is 273477 a prime number?
False
Is 7631 composite?
True
Is 1637 a composite number?
False
Is 10493 a composite number?
True
Is 12097 a composite number?
False
Is 17599 a composite number?
False
Is 605539 composite?
True
Is 3359 prime?
True
Is 99521 a prime number?
False
Is 48383 composite?
False
Is 3593 a prime number?
True
Is 291647 a prime number?
True
Is 19921 composite?
True
Is 252691 a prime number?
True
Is 132679 a composite number?
False
Is 261959 composite?
False
Is 499433 composite?
True
Is 105107 a composite number?
False
Is 34793 prime?
False
Is 1961203 prime?
False
Is 23957 a prime number?
True
Is 5156583 a prime number?
False
Is 19165 composite?
True
Is 17054 a prime number?
False
Is 10523 composite?
True
Is 264617 a prime number?
False
Is 2078 a prime number?
False
Is 3390917 composite?
True
Is 1261 a composite number?
True
Is 9221 prime?
True
Is 1167889 composite?
False
Is 51411 a prime number?
False
Is 841481 composite?
True
Is 1403057 prime?
True
Is 5317 composite?
True
Is 491291 a composite number?
True
Is 5836349 a composite number?
False
Is 91193 composite?
False
Is 839 a prime number?
True
Is 329905 a composite number?
True
Is 234673 composite?
False
Is 15619 composite?
False
Is 4237 a composite number?
True
Is 205385 prime?
False
Is 128021 a composite number?
False
Is 381361 composite?
True
Is 58119 a prime number?
False
Is 5627 prime?
False
Is 74147 a composite number?
True
Is 2531 a prime number?
True
Is 11647 composite?
True
Is 264007 composite?
False
Is 388459 a prime number?
True
Is 2101 composite?
True
Is 34157 a prime number?
True
Is 2082827 a composite number?
False
Is 11047 a composite number?
False
Is 9385 a prime number?
False
Is 227267 a prime number?
True
Is 37491 a composite number?
True
Is 1987 prime?
True
Is 2579 a composite number?
False
Is 455293 composite?
True
Is 158843 composite?
False
Is 41669 composite?
False
Is 1337 a composite number?
True
Is 241685 prime?
False
Is 6421 prime?
True
Is 181433 a composite number?
True
Is 187409 prime?
True
Is 1647161 a composite number?
False
Is 10637 a prime number?
False
Is 268091 prime?
True
Is 20885 prime?
False
Is 10447 composite?
True
Is 346259 composite?
False
Is 3442 prime?
False
Is 611 composite?
True
Is 1416851 prime?
True
Is 504511 a prime number?
False
Is 8287 a prime number?
True
Is 1114111 a prime number?
True
Is 1277 a composite number?
False
Is 17231 a composite number?
False
Is 10919 composite?
True
Is 71191 composite?
False
Is 1175621 a composite number?
True
Is 1013722 a prime number?
False
Is 1049717 a prime number?
True
Is 25765 composite?
True
Is 5739 a prime number?
False
Is 12367 prime?
False
Is 27263 a composite number?
True
Is 2438339 a prime number?
True
Is 127154 a prime number?
False
Is 509879 prime?
True
Is 217439 a composite number?
False
Is 119095 a composite number?
True
Is 11459 composite?
True
Is 18419 a prime number?
False
Is 57867 prime?
False
Is 2949 a prime number?
False
Is 24587 a prime number?
False
Is 11695 a composite number?
True
Is 231169 composite?
False
Is 70753 a prime number?
True
Is 604133 composite?
True
Is 24233 composite?
True
Is 236491 a prime number?
False
Is 31219 a composite number?
False
Is 34311 prime?
False
Is 679 a composite number?
True
Is 238137 composite?
True
Is 2453 composite?
True
Is 33457 composite?
False
Is 176741 composite?
False
Is 45481 a prime number?
True
Is 31793 prime?
True
Is 837633 a composite number?
True
Is 10711 a prime number?
True
Is 64301 a composite number?
False
Is 3413251 composite?
False
Is 618747 prime?
False
Is 979309 prime?
False
Is 13873 prime?
True
Is 189979 prime?
False
Is 45481 prime?
True
Is 2743 prime?
False
Is 19961 prime?
True
Is 432613 a prime number?
True
Is 76649 composite?
False
Is 122054 composite?
True
Is 3593 prime?
True
Is 183257 a prime number?
False
Is 1172461 a prime number?
True
Is 260527 a composite number?
False
Is 40301 a composite number?
True
Is 334253 a composite number?
True
Is 215081 a composite number?
True
Is 288767 prime?
True
Is 81401 prime?
True
Is 22109 composite?
False
Is 1087 prime?
True
Is 286567 a prime number?
False
Is 34337 a composite number?
False
Is 18481 a prime number?
True
Is 1627109 a composite number?
True
Is 72023 prime?
False
Is 7121 composite?
False
Is 8467 composite?
False
Is 59833 prime?
True
Is 18119 composite?
False
Is 275437 composite?
True
Is 9091 composite?
False
Is 105155 prime?
False
Is 1921 a prime number?
False
Is 997793 a prime number?
True
Is 9311 prime?
True
Is 563583 prime?
False
Is 156487 a composite number?
False
Is 86263 a prime number?
True
Is 39733 prime?
True
Is 17203 composite?
False
Is 16361 a composite number?
False
Is 385199 a prime number?
True
Is 410833 composite?
False
Is 106903 a composite number?
False
Is 247 prime?
False
Is 719681 composite?
False
Is 62171 composite?
False
Is 112559 composite?
False
Is 479381 a composite number?
True
Is 298427 prime?
True
Is 36683 a composite number?
False
Is 384587 a prime number?
False
Is 117365 a composite number?
True
Is 62459 composite?
False
Is 342607 a composite number?
False
Is 38597 prime?
False
Is 712219 a composite number?
False
Is 7307 prime?
True
Is 38953 composite?
False
Is 20887 a composite number?
False
Is 9803 composite?
False
Is 8513 prime?
True
Is 261823 a composite number?
False
Is 74279 prime?
True
Is 160257 composite?
True
Is 2601565 prime?
False
Is 3329 composite?
False
Is 1361 a composite number?
False
Is 479093 a composite number?
True
Is 10883 a prime number?
True
Is 11539 a prime number?
False
Is 164011 a prime number?
True
Is 522263 prime?
False
Is 10159 a composite number?
False
Is 74821 composite?
False
Is 6683 prime?
False
Is 33043 a prime number?
False
Is 325691 composite?
False
Is 1013879 a prime number?
True
Is 10018 composite?
True
Is 281419 prime?
True
Is 17411 prime?
False
Is 1545631 a composite number?
True
Is 52898 a composite number?
True
Is 538613 composite?
True
Is 50753 prime?
True
Is 452443 a prime number?
True
Is 6541 a prime number?
False
Is 323735 a prime number?
False
Is 1061 a composite number?
False
Is 19403 prime?
True
Is 2034649 prime?
False
Is 38639 a composite number?
False
Is 7111 a prime number?
False
Is 4871 a prime number?
True
Is 46077 a prime number?
False
Is 541 prime?
True
Is 10771 prime?
True
Is 39322 composite?
True
Is 604007 a composite number?
False
Is 208009 composite?
False
Is 252467 composite?
True
Is 4201 composite?
False
Is 292141 a prime number?
True
Is 439339 a prime number?
True
Is 727459 prime?
True
Is 3203 a composite number?
False
Is 517 a prime numb